and j?
37
Let w(v) = v**3 - 20*v**2 + 21*v - 16. Let y be w(19). What is the highest common factor of y and 22?
22
Let g be ((-8)/5)/(2/(-5)). Calculate the highest common factor of g and 20.
4
Suppose 1 = -2*g + 81. Calculate the greatest common divisor of 5 and g.
5
Let t = 1 + 2. Let f(y) = 5*y - 2*y + y**3 - 4 - t*y**2 + 2*y. Let s be f(4). What is the highest common factor of 8 and s?
8
Suppose y - 3*s = 4, 0 = -y - 7*s + 3*s + 11. Suppose 2*i - 10 - 32 = 0. What is the greatest common divisor of i and y?
7
Let y = 8 + -5. Suppose r - 111 = -y*o, o - 93 = -2*o + 5*r. Let l = -26 + o. What is the greatest common divisor of 70 and l?
10
Let l(o) = 4*o**3 - 4*o**2 - 3*o + 7. Let i be l(4). What is the highest common factor of i and 17?
17
Let k be 525/14*(-2)/(-3). Let c(q) be the second derivative of q**4/6 - q**3/6 - 3*q. Let j be c(-2). What is the highest common factor of k and j?
5
Let z(c) = 5*c**2 + 10*c + 15. Let s(k) = -k**2 - 11*k - 17. Let h be s(-10). Let t be z(h). Calculate the greatest common factor of 19 and t.
19
Let z be -2*(3/(-2) - 0). Let x be 396/63 + (-2)/7. Calculate the highest common divisor of z and x.
3
Let i(v) = 3*v**2. Let l be i(-2). Let b = -6 - -15. Suppose 0 = t - 4*t + b. What is the greatest common divisor of l and t?
3
Let r = 14 + 31. What is the highest common factor of r and 5?
5
Suppose -3 = k - 2, -2*u + 261 = 5*k. Calculate the greatest common factor of 19 and u.
19
Let x(l) = l**3 + 7*l**2 + l + 8. Let f(t) = t**2 - 7. Let i be f(0). Let j be x(i). Calculate the greatest common divisor of 11 and j.
1
Suppose -g + 3*u + 8 = 0, -5*g - 3*u = 15 + 17. Suppose 2*a + 0 - 30 = 3*k, -5*a + k + 101 = 0. Let r = g + a. What is the greatest common factor of 119 and r?
17
Suppose 4*p - 4 - 24 = 0. Let v = -2 + p. Let z(g) = 8*g - 3. Let h be z(6). What is the highest common divisor of v and h?
5
Let y = -98 - -120. What is the greatest common factor of y and 154?
22
Let u = 113 - 62. What is the highest common divisor of u and 17?
17
Let r(d) = -d**2 - 13*d - 19. Let x be r(-8). Calculate the greatest common factor of 14 and x.
7
Let z = -76 - -108. What is the greatest common divisor of 80 and z?
16
Let x(i) = -i**3 - 4*i**2 + 2*i - 7. Let z be x(-5). Suppose 49 + 31 = 10*r. What is the highest common divisor of z and r?
8
Let b(s) = -s - 7 + 0*s + 3*s. Let r be b(6). Suppose 748 = r*v - v. What is the greatest common divisor of 17 and v?
17
Suppose -2*h = 5*z - 24 - 226, -4*z = -3*h - 177. Let n = 181 - 129. Let q be (-6)/(-39) + 616/n. What is the greatest common factor of q and z?
12
Let n(j) = -4*j - 3. Suppose 0 = 4*k + 8 + 4. Let l be n(k). Let f(x) = 11*x**2 + 4*x + 3. Let w be f(-3). What is the highest common factor of w and l?
9
Suppose 0 = -4*i + i - 6. Let o be (22/8 + i)*12. What is the greatest common factor of o and 6?
3
Suppose -42*k + 300 = -32*k. Let c(i) = 2*i - 4. Let z be c(5). Calculate the greatest common divisor of k and z.
6
Suppose y + 2*y - 39 = 0. Calculate the highest common divisor of 117 and y.
13
Let w = 303 - -1. Let f = w + -205. What is the greatest common divisor of f and 9?
9
Let q = 9 + -3. Let a be (-2)/3*q/(-2). Suppose 2*b - 32 = -a*k, 0*k = -k + 5*b - 8. Calculate the highest common divisor of 132 and k.
12
Let q be (5 - (7 + -4)) + 0 + 86. Let d(z) = 8*z**2 + z. Let v be d(1). Let k = 17 - v. What is the greatest common factor of q and k?
8
Let g(r) = 18*r - 50. Let v be g(13). Calculate the highest common divisor of 23 and v.
23
Let k be (2/5)/((-2)/(-60)). Let x = 3 + -6. Let y be 36/1*(-5)/x. What is the highest common factor of y and k?
12
Let g(b) = b**2 + 6*b + 5. Let c be g(-5). Let a = 5 - c. Suppose 0 = -n - 3*n + 20. Calculate the greatest common factor of n and a.
5
Suppose 5*d + 0*r = 3*r + 146, 0 = -4*d + r + 114. Calculate the highest common factor of d and 4.
4
Let d be 2/(-2) + 1*-107. Let i = d - -203. Let a = -44 + i. What is the highest common factor of a and 17?
17
Let u(n) = n**3 - 13*n**2 + n - 1. Let k be u(13). Calculate the greatest common factor of k and 132.
12
Let d = 3 - -12. Calculate the greatest common factor of 60 and d.
15
Let h be (26/(-91))/((-1)/7). Suppose -2*i - 6 = i, h*i = -2*d + 212. Calculate the highest common factor of 12 and d.
12
Suppose h + 4*c = -6, h + 3*c + 10 = -2*c. Calculate the greatest common factor of h and 50.
10
Suppose -5*k + 69 = h, -6*h + 3*k + 317 = -h. What is the greatest common divisor of h and 8?
8
Let d = -4 + 6. Let u = 20 - 17. What is the highest common factor of d and u?
1
Let r(g) = -2*g**2 + g**2 - 1 + 0*g**2 + 10*g. Let m be r(8). What is the greatest common divisor of 75 and m?
15
Suppose 4*c - 1399 = -5*w, 215 = 2*c + w - 486. What is the highest common divisor of 39 and c?
39
Suppose 2*r + 2*w - 982 = -2*r, -4*w + 1229 = 5*r. What is the highest common divisor of 35 and r?
35
Let r(i) = -6*i - 1. Suppose -5 = -2*k - 1. Let j be r(k). Let u(l) = l**2 + 13*l + 12. Let a be u(j). What is the highest common divisor of a and 24?
12
Let v be 1/(-5) + 81/5. Let m = v - 3. What is the greatest common divisor of m and 117?
13
Let v(i) = -i**2 + 35*i**3 - 3*i + 2 - 38*i**3 - 4. Let b be v(-2). Calculate the greatest common divisor of 6 and b.
6
Let r be (4/6)/(8/132). Suppose z = 2*z - r. Let y(o) = o**3 - 11*o**2 + 3*o - 16. Let n be y(z). What is the highest common divisor of n and 136?
17
Suppose 0*n + n = 4*s + 24, -3*n + 2*s + 42 = 0. What is the highest common divisor of 84 and n?
12
Suppose 0 = -5*p - 4*f + f + 79, 59 = 4*p + f. What is the highest common factor of 14 and p?
14
Let d(s) = 8*s + 7. Let z be d(0). Calculate the greatest common divisor of 5 and z.
1
Suppose 5*x = 13 - 3, 0 = -5*v + 3*x - 66. Let p be v/(-8)*(21 + 1). Suppose -d - 6 = -3*d. Calculate the greatest common divisor of d and p.
3
Suppose -a - 22 = -5*q, 2*q - 10 - 9 = -3*a. Let f(r) = 2 - 24*r - 2 - a. Let o be f(-2). Calculate the highest common divisor of 18 and o.
9
Let j(s) = -4*s**3 - s**2 + 1. Suppose 0 = 2*b + 4*i - i + 8, 30 = -4*b + i. Let q = 6 + b. Let w be j(q). What is the highest common factor of w and 6?
2
Let r be (-2)/8*-41 - (-6)/(-24). Calculate the greatest common divisor of 40 and r.
10
Suppose -3*u = 3*x - 426, -u + x = -3*u + 284. Let k(c) = 11*c - 1. Let o be k(5). Suppose u = 4*z - o. What is the greatest common divisor of z and 7?
7
Suppose 4 + 1 = -u - 3*g, 2*g = 4. Let v = u - -15. Calculate the highest common factor of v and 20.
4
Let r(f) = f**2 - 8*f - 6. Let u be r(12). Calculate the greatest common factor of 6 and u.
6
Let o(m) be the first derivative of 5*m**3/3 - 3*m**2 + 4*m + 9. Let z be o(-6). What is the highest common factor of 20 and z?
20
Suppose 2*b = 65 - 15. Suppose 5*j = 40 + b. Let m(l) = 2*l**2 + 4*l - 3. Let w be m(2). What is the highest common divisor of w and j?
13
Let v(y) = y**3 + 4*y**2 - 7*y - 6. Let q be v(-5). Let l be (0 - -1) + q*3. Calculate the greatest common factor of l and 117.
13
Let y be (-6)/4*(-4)/3. Suppose y*s + 16 = 186. Calculate the greatest common divisor of 34 and s.
17
Let f = 13 + -1. Let x = 91 + -88. Calculate the highest common divisor of x and f.
3
Let d(b) = 4*b**2 + b - 5. Let g be 10/65 - 100/(-26). Let a be d(g). What is the greatest common divisor of 7 and a?
7
Let a(t) = t**3 - 5*t**2 + 7*t - 10. Let g(i) = -i**3 + 8*i**2 + 4. Let d be g(8). Let h be a(d). Calculate the greatest common divisor of h and 5.
1
Let y = 15 - -1. Suppose 3*r = 4*v - 7*v + 129, 3*v = 2*r - 71. What is the highest common divisor of y and r?
8
Suppose -5*x + 353 = -37. Calculate the greatest common divisor of 26 and x.
26
Suppose -2*q = -3*z + 14, 5*q + 7 = z + 2*q. Let d be -7*5/(140/(-8)). Calculate the greatest common divisor of z and d.
2
Let a(o) = -o + 18. Let l be a(3). Calculate the greatest common factor of l and 15.
15
Let a(p) = -p - 2. Let s be a(-6). Suppose 2*h = -r + 7 - 2, h - 5*r + 3 = 0. Suppose -3*u + s*u - h = 0. What is the highest common divisor of 4 and u?
2
Let t be 65 + (-1 + 1 - 0). Suppose -23 = -2*q - 0*z + 3*z, 5*z + 1 = -2*q. Suppose -q*c + 104 = -3*c. Calculate the greatest common factor of t and c.
13
Let c = -140 + 265. What is the highest common divisor of c and 50?
25
Let w = 6 - 1. Suppose 30 = w*l + t, 5*l - 2*l = 3